hat is the remainder when 1799 is divided by 19?
13
Calculate the remainder when 4459 is divided by 23.
20
What is the remainder when 2942 is divided by 109?
108
Calculate the remainder when 69 is divided by 7.
6
Calculate the remainder when 119 is divided by 10.
9
What is the remainder when 722 is divided by 60?
2
Calculate the remainder when 1569 is divided by 131.
128
Calculate the remainder when 6874 is divided by 859.
2
Calculate the remainder when 1305 is divided by 158.
41
Calculate the remainder when 971 is divided by 23.
5
What is the remainder when 86 is divided by 15?
11
What is the remainder when 137 is divided by 14?
11
What is the remainder when 424 is divided by 159?
106
What is the remainder when 436 is divided by 20?
16
What is the remainder when 901 is divided by 43?
41
What is the remainder when 182 is divided by 31?
27
Calculate the remainder when 2709 is divided by 31.
12
Calculate the remainder when 514 is divided by 40.
34
Calculate the remainder when 315 is divided by 6.
3
What is the remainder when 37 is divided by 10?
7
Calculate the remainder when 280 is divided by 37.
21
What is the remainder when 60 is divided by 32?
28
What is the remainder when 264 is divided by 41?
18
Calculate the remainder when 178 is divided by 30.
28
Calculate the remainder when 245 is divided by 30.
5
What is the remainder when 7523 is divided by 1252?
11
What is the remainder when 114 is divided by 8?
2
What is the remainder when 1805 is divided by 898?
9
What is the remainder when 635 is divided by 38?
27
What is the remainder when 2154 is divided by 135?
129
What is the remainder when 341 is divided by 34?
1
Calculate the remainder when 2925 is divided by 975.
0
Calculate the remainder when 13 is divided by 2.
1
What is the remainder when 225 is divided by 75?
0
Calculate the remainder when 167 is divided by 8.
7
What is the remainder when 331 is divided by 25?
6
What is the remainder when 503 is divided by 140?
83
What is the remainder when 840 is divided by 277?
9
What is the remainder when 2172 is divided by 15?
12
Calculate the remainder when 209 is divided by 70.
69
Calculate the remainder when 824 is divided by 36.
32
What is the remainder when 491 is divided by 168?
155
What is the remainder when 1158 is divided by 116?
114
What is the remainder when 1087 is divided by 360?
7
Calculate the remainder when 8959 is divided by 35.
34
Calculate the remainder when 313 is divided by 137.
39
Calculate the remainder when 42 is divided by 35.
7
Calculate the remainder when 84 is divided by 34.
16
What is the remainder when 177 is divided by 51?
24
What is the remainder when 366 is divided by 22?
14
What is the remainder when 1061 is divided by 41?
36
What is the remainder when 335 is divided by 12?
11
What is the remainder when 754 is divided by 376?
2
Calculate the remainder when 76 is divided by 13.
11
What is the remainder when 18314 is divided by 19?
17
What is the remainder when 2009 is divided by 666?
11
Calculate the remainder when 1547 is divided by 62.
59
What is the remainder when 332 is divided by 66?
2
Calculate the remainder when 272 is divided by 58.
40
Calculate the remainder when 480 is divided by 157.
9
Calculate the remainder when 134 is divided by 40.
14
What is the remainder when 870 is divided by 42?
30
What is the remainder when 372 is divided by 48?
36
What is the remainder when 63 is divided by 11?
8
What is the remainder when 2861 is divided by 37?
12
Calculate the remainder when 49 is divided by 31.
18
What is the remainder when 312 is divided by 259?
53
Calculate the remainder when 846 is divided by 16.
14
Calculate the remainder when 42 is divided by 3.
0
What is the remainder when 2435 is divided by 347?
6
Calculate the remainder when 400 is divided by 196.
8
Calculate the remainder when 1374 is divided by 5.
4
What is the remainder when 66 is divided by 39?
27
Calculate the remainder when 935 is divided by 22.
11
What is the remainder when 269 is divided by 55?
49
What is the remainder when 872 is divided by 26?
14
What is the remainder when 14974 is divided by 18?
16
Calculate the remainder when 187 is divided by 68.
51
Calculate the remainder when 31 is divided by 11.
9
Calculate the remainder when 487 is divided by 15.
7
What is the remainder when 3496 is divided by 140?
136
Calculate the remainder when 553 is divided by 58.
31
Calculate the remainder when 963 is divided by 284.
111
Calculate the remainder when 316 is divided by 82.
70
What is the remainder when 189 is divided by 55?
24
Calculate the remainder when 141 is divided by 26.
11
What is the remainder when 1840 is divided by 364?
20
Calculate the remainder when 492 is divided by 12.
0
What is the remainder when 517 is divided by 13?
10
What is the remainder when 343 is divided by 96?
55
What is the remainder when 87 is divided by 46?
41
Calculate the remainder when 29 is divided by 20.
9
What is the remainder when 6 is divided by 5?
1
Calculate the remainder when 232 is divided by 50.
32
Calculate the remainder when 114 is divided by 25.
14
Calculate the remainder when 401 is divided by 27.
23
Calculate the remainder when 476 is divided by 61.
49
Calculate the remainder when 2505 is divided by 109.
107
What is the remainder when 300 is divided by 85?
45
What is the remainder when 162 is divided by 83?
79
Calculate the remainder when 215 is divided by 27.
26
What is the remainder when 65 is divided by 18?
11
Calculate the remainder when 3957 is divided by 99.
96
Calculate the remainder when 63 is divided by 16.
15
Calculate the remainder when 1390 is divided by 87.
85
Calculate the remainder when 6642 is divided by 13.
12
Calculate the remainder when 78 is divided by 27.
24
What is the remainder when 920 is divided by 46?
0
Calculate the remainder when 208 is divided by 7.
5
Calculate the remainder when 145 is divided by 41.
22
What is the remainder when 292 is divided by 139?
14
What is the remainder when 122 is divided by 46?
30
Calculate the remainder when 39 is divided by 14.
11
What is the remainder when 69 is divided by 2?
1
Calculate the remainder when 10 is divided by 3.
1
Calculate the remainder when 64 is divided by 46.
18
Calculate the remainder when 586 is divided by 76.
54
Calculate the remainder when 236 is divided by 102.
32
What is the remainder when 629 is divided by 9?
8
What is the remainder when 11426 is divided by 127?
123
Calculate the remainder when 87 is divided by 8.
7
What is the remainder when 494 is divided by 31?
29
What is the remainder when 106 is divided by 21?
1
What is the remainder when 704 is divided by 59?
55
What is the remainder when 1601 is divided by 55?
6
What is the remainder when 156 is divided by 27?
21
Calculate the remainder when 2604 is divided by 30.
24
What is the remainder when 244 is divided by 83?
78
What is the remainder when 1211 is divided by 38?
33
Calculate the remainder when 1527 is divided by 9.
6
What is the remainder when 775 is divided by 74?
35
Calculate the remainder when 331 is divided by 37.
35
Calculate the remainder when 1352 is divided by 132.
32
What is the remainder when 364 is divided by 41?
36
Calculate the remainder when 1655 is divided by 72.
71
What is the remainder when 276 is divided by 70?
66
Calculate the remainder when 3265 is divided by 51.
1
Calculate the remainder when 3020 is divided by 379.
367
Calculate the remainder when 477 is divided by 10.
7
Calculate the remainder when 2321 is divided by 1160.
1
What is the remainder when 3855 is divided by 16?
15
What is the remainder when 551 is divided by 266?
19
Calculate the remainder when 140 is divided by 22.
8
Calculate the remainder when 113 is divided by 26.
9
Calculate the remainder when 11444 is divided by 159.
155
Calculate the remainder when 580 is divided by 193.
1
Calculate the remainder when 114 is divided by 9.
6
Calculate the remainder when 1777 is divided by 14.
13
Calculate the remainder when 541 is divided by 270.
1
Calculate the remainder when 12451 is divided by 13.
10
Calculate the remainder when 1509 is divided by 70.
39
What is the remainder when 5608 is divided by 71?
70
What is the remainder when 119 is divided by 31?
26
Calculate the remainder when 81 is divided by 11.
4
Calculate the remai